{"id":19196,"date":"2022-11-16T09:47:37","date_gmt":"2022-11-16T06:47:37","guid":{"rendered":"https:\/\/akdeniztoros.com.tr\/satisnoktalari\/?page_id=19196"},"modified":"2024-09-28T16:56:15","modified_gmt":"2024-09-28T13:56:15","slug":"en-yakin-nerede","status":"publish","type":"page","link":"https:\/\/akdeniztoros.com.tr\/satisnoktalari\/en-yakin-nerede\/","title":{"rendered":"En Yak\u0131n Nerede"},"content":{"rendered":"<div class=\"wpb-content-wrapper\"><p>[vc_row full_width=&#8221;stretch_row&#8221; css=&#8221;.vc_custom_1679247101945{padding-top: 10px !important;padding-bottom: 10px !important;}&#8221;][vc_column width=&#8221;1\/3&#8243;]<div style=\"text-align:center;\"\r\n\t class=\" vc_custom_1699521362832\">\r\n\t<a href=\"https:\/\/akdeniztoros.com.tr\/satisnoktalari\/arden-marketler\/\"\r\n\t   class=\"mdl-button mdl-js-button mdl-button--raised mdl-button--primary mdl-button--lg\"\r\n\t   title=\"Arden Marketler\"\r\n\t   target=\"_self\"\r\n\t>\r\n\t\tArden Marketler\t<\/a>\r\n<\/div>[\/vc_column][vc_column width=&#8221;1\/3&#8243;]<div style=\"text-align:center;\"\r\n\t class=\" vc_custom_1727531764802\">\r\n\t<a href=\"https:\/\/akdeniztoros.com.tr\/satisnoktalari\/en-yakin-nerede\/\"\r\n\t   class=\"mdl-button mdl-js-button mdl-button--raised mdl-button--primary mdl-button--lg\"\r\n\t   title=\"En Yak\u0131n Nerede?\"\r\n\t   target=\"_blank\"\r\n\t>\r\n\t\tEn Yak\u0131n Nerede?\t<\/a>\r\n<\/div>[\/vc_column][vc_column width=&#8221;1\/3&#8243;]<div style=\"text-align:center;\"\r\n\t class=\" vc_custom_1727531749172\">\r\n\t<a href=\"https:\/\/akdeniztoros.com.tr\/satisnoktalari\/cafe-restaurantlar\/\"\r\n\t   class=\"mdl-button mdl-js-button mdl-button--raised mdl-button--primary mdl-button--lg\"\r\n\t   title=\"Cafe-Restaurantlar\"\r\n\t   target=\"_self\"\r\n\t>\r\n\t\tCafe-Restaurantlar\t<\/a>\r\n<\/div>[\/vc_column][\/vc_row][vc_row][vc_column][vc_column_text][\/vc_column_text][\/vc_column][\/vc_row][vc_row full_width=&#8221;stretch_row_content&#8221;][vc_column][vc_column_text]\t<link href=\"https:\/\/cdn.jsdelivr.net\/npm\/bootstrap@5.0.2\/dist\/css\/bootstrap.min.css\" rel=\"stylesheet\">\n\t<link rel=\"stylesheet\" href=\"https:\/\/cdnjs.cloudflare.com\/ajax\/libs\/font-awesome\/5.15.0\/css\/all.min.css\">\n\n\t<div class=\"container-fluid\" id=\"result\">\n\t\t<div class=\"row d-none\" id=\"konumdiv\">\n\t\t\t<div class=\"col-12 text-center\">\n\t\t\t\t<div class=\"alert alert-danger\" style=\"text-align: center !important;\">Size <b>en yak\u0131n<\/b> sat\u0131\u015f noktalar\u0131m\u0131z\u0131 g\u00f6rebilmeniz i\u00e7in kulland\u0131\u011f\u0131n\u0131z cihaz\u0131n <b>KONUM<\/b> \u00f6zelli\u011fini a\u00e7man\u0131z gerekmektedir.<br><br>\n\t\t\t\t\tApple cihazlarda <b>Ayarlar<\/b> \/ <b>Gizlilik ve G\u00fcvenlik<\/b> \/ <b>Konum Servisleri<\/b> \/ <b>Safari<\/b> (veya <b>Chrome<\/b>) k\u0131sm\u0131ndan komum eri\u015fimine izin vermelisiniz.\n           \t<\/div>\n\t\t\t\t<button class=\"btn btn-success\" onclick=\"konum_getir()\">Konumu A\u00e7<\/button>\n\t\t\t<\/div>\n\t\t<\/div>\n\t\t<div id=\"load\" class=\"text-center\"><\/div>\n\t<\/div>\n\n\n\t<script>\n\t\tjQuery(document).ready(function($) {\n\t\t\tnavigator.geolocation.getCurrentPosition(function(location) {\n\t\t  \t\tvar lat = location.coords.latitude;\n\t\t\t  \tvar lng = location.coords.longitude;\n\n\t\t\t  \tif(lat>0) {\n\t\t\t  \t\t$(\"#konumdiv\").addClass(\"d-none\");\n\t\t\t  \t\t$(\"#load\").html('<h3 class=\"mt-5\">Size en yak\u0131n Akdeniz Toros noktalar\u0131 y\u00fckleniyor...<\/h3><img decoding=\"async\" width=\"400\" src=\"https:\/\/akdeniztoros.com.tr\/satisnoktalari\/wp-content\/uploads\/2022\/11\/islem-sayac.gif\">');\n\t\t\t  \t}\n\n\t\t\t  \tvar data = {\n\t\t\t\t\t'action': 'konum_gonder',\n\t\t\t\t\t'lat': lat,\n\t\t\t\t\t'lng': lng\n\t\t\t\t};\n\n\t\t\t\t$.post('https:\/\/akdeniztoros.com.tr\/satisnoktalari\/wp-admin\/admin-ajax.php', data, function(response) {\n\t\t\t\t\t$(\"#result\").html(response);\n\t\t\t\t\t$(\"#konumdiv\").addClass(\"d-none\");\n\t\t\t\t});\n\t\t\t});\n\n\t\t\t$(\"#konumdiv\").removeClass(\"d-none\");\n\n\t\t});\n\n\t\tfunction konum_getir() {\n\t\t\tnavigator.geolocation.getCurrentPosition(function(location) {\n\t\t  \t\tvar lat = location.coords.latitude;\n\t\t\t  \tvar lng = location.coords.longitude;\n\n\t\t\t  \tif(lat>0) {\n\t\t\t  \t\t$(\"#konumdiv\").addClass(\"d-none\");\n\t\t\t  \t\t$(\"#load\").html('<h3 class=\"mt-5\">Noktalar bir araya getiriliyor...<\/h3><img decoding=\"async\" src=\"https:\/\/akdeniztoros.com.tr\/satisnoktalari\/wp-content\/uploads\/2022\/11\/loading.gif\">');\n\t\t\t  \t}\n\n\t\t\t  \tvar data = {\n\t\t\t\t\t'action': 'konum_gonder',\n\t\t\t\t\t'lat': lat,\n\t\t\t\t\t'lng': lng\n\t\t\t\t};\n\n\t\t\t\t$.post('https:\/\/akdeniztoros.com.tr\/satisnoktalari\/wp-admin\/admin-ajax.php', data, function(response) {\n\t\t\t\t\t$(\"#result\").html(response);\n\t\t\t\t\t$(\"#konumdiv\").addClass(\"d-none\");\n\t\t\t\t});\n\t\t\t});\n\t\t\t$(\"#konumdiv\").removeClass(\"d-none\");\n\t\t}\n\t<\/script>\n\n\t[\/vc_column_text][\/vc_column][\/vc_row]<\/p>\n<\/div>","protected":false},"excerpt":{"rendered":"<p>[vc_row full_width=&#8221;stretch_row&#8221; css=&#8221;.vc_custom_1679247101945{padding-top: 10px !important;padding-bottom: 10px !important;}&#8221;][vc_column width=&#8221;1\/3&#8243;][\/vc_column][vc_column width=&#8221;1\/3&#8243;][\/vc_column][vc_column width=&#8221;1\/3&#8243;][\/vc_column][\/vc_row][vc_row][vc_column][vc_column_text][\/vc_column_text][\/vc_column][\/vc_row][vc_row full_width=&#8221;stretch_row_content&#8221;][vc_column][vc_column_text][\/vc_column_text][\/vc_column][\/vc_row]<\/p>\n","protected":false},"author":1,"featured_media":0,"parent":0,"menu_order":0,"comment_status":"closed","ping_status":"closed","template":"page_full-width.php","meta":{"footnotes":""},"class_list":["post-19196","page","type-page","status-publish","hentry"],"acf":[],"_links":{"self":[{"href":"https:\/\/akdeniztoros.com.tr\/satisnoktalari\/wp-json\/wp\/v2\/pages\/19196","targetHints":{"allow":["GET"]}}],"collection":[{"href":"https:\/\/akdeniztoros.com.tr\/satisnoktalari\/wp-json\/wp\/v2\/pages"}],"about":[{"href":"https:\/\/akdeniztoros.com.tr\/satisnoktalari\/wp-json\/wp\/v2\/types\/page"}],"author":[{"embeddable":true,"href":"https:\/\/akdeniztoros.com.tr\/satisnoktalari\/wp-json\/wp\/v2\/users\/1"}],"replies":[{"embeddable":true,"href":"https:\/\/akdeniztoros.com.tr\/satisnoktalari\/wp-json\/wp\/v2\/comments?post=19196"}],"version-history":[{"count":3,"href":"https:\/\/akdeniztoros.com.tr\/satisnoktalari\/wp-json\/wp\/v2\/pages\/19196\/revisions"}],"predecessor-version":[{"id":21558,"href":"https:\/\/akdeniztoros.com.tr\/satisnoktalari\/wp-json\/wp\/v2\/pages\/19196\/revisions\/21558"}],"wp:attachment":[{"href":"https:\/\/akdeniztoros.com.tr\/satisnoktalari\/wp-json\/wp\/v2\/media?parent=19196"}],"curies":[{"name":"wp","href":"https:\/\/api.w.org\/{rel}","templated":true}]}}